ppose -3*c + 17 = h - 0*h, 4*c = 3*h + 14. Suppose 2*d + 3*n = 6*d - 178, 0 = -n + h. List the prime factors of d.
2, 23
Suppose -31*f + 225 = -6*f. Suppose 2*l - 1052 = -2*u + 160, -3*u - f = 0. List the prime factors of l.
3, 7, 29
Let n = -323 - -485. List the prime factors of n/30 + (-3)/(-5) - -1923.
3, 643
Suppose 5*q + 74417 = 2*k, 4*k = -2*q - 25787 + 174657. What are the prime factors of k?
2, 1163
Let j(q) be the third derivative of q**5/60 - q**4/12 + 2*q**3 - 4*q**2. Let z = 51 - 44. List the prime factors of j(z).
47
Let p(c) = 102*c + 57. Let r be p(-14). Let i = 1976 + r. What are the prime factors of i?
5, 11
List the prime factors of (-10)/(-280)*-4*(-264971)/2*2.
37853
Let a = -49743 - -70431. List the prime factors of a.
2, 3, 431
Let a(t) = -t - t**3 - 5*t + 8*t**2 + 2 + 9*t + 0*t. Let n be a(7). Suppose 96 - 27 = q - 4*i, n = q - i. List the prime factors of q.
73
Let k = 44923 - 24258. What are the prime factors of k?
5, 4133
Let f = 1388 - -37994. What are the prime factors of f?
2, 7, 29, 97
Suppose 4*s - 4*g - 47408 = 0, -3*s = 48*g - 49*g - 35542. What are the prime factors of s?
5, 23, 103
Let n = -322 + 282. What are the prime factors of ((-93)/5)/(4/n)?
2, 3, 31
Let s(k) = 13*k + 97. Let x be s(-7). Suppose -1865 = -x*z - 419. List the prime factors of z.
241
What are the prime factors of (-2148440)/(-224) - (3/(-4))/(-3)?
3, 23, 139
Suppose 0 = -21*s + 51634 + 202794 + 73340. What are the prime factors of s?
2, 1951
Let a(t) be the second derivative of 31*t**4/3 + t**2 + 8*t. List the prime factors of a(2).
2, 3, 83
Let n be 1*16 - 18/9. Let l = 4 - -2. Suppose -l*u = -n*u + 1032. What are the prime factors of u?
3, 43
List the prime factors of 5 - 258/54 - 3760/(-9).
2, 11, 19
Suppose -f + 8*b = 3*b - 16, -b = 3. Suppose 5*i + 6 = p + f, 2*p = 5*i + 10. Suppose -318 = -5*r - p*y + 92, 5*r = 5*y + 460. What are the prime factors of r?
3, 29
Suppose -440 = 11*c - 6*c. Let t be c/20 - -4 - (-534)/10. Suppose u + 2 = 0, -2*n = 3*u - t - 45. What are the prime factors of n?
2, 13
Let d = 10188 - 7074. What are the prime factors of d?
2, 3, 173
Let i be 168/126 - ((-6)/9 + 1). What are the prime factors of i - (-12)/3 - -1228 - 3?
2, 3, 5, 41
Suppose -b + 4*u + 30 = 0, -b - u - 4*u = -48. Suppose 2*x + b = -18. Let n = -7 - x. What are the prime factors of n?
3, 7
Let k(s) = -3399*s - 1766. What are the prime factors of k(-9)?
5, 1153
Let i be 2 - (1 + -2)/1. Suppose a - i*q = 6*a - 340, 310 = 5*a - 3*q. List the prime factors of 9415/a + (-4)/(-26).
5, 29
Let f(l) = l + 17. Let b be f(-13). Let u(j) = 7*j**3 - 3*j**2 - 4*j + 31. What are the prime factors of u(b)?
5, 83
Suppose -5*s + 223 = 1328. Let u = 202 - -146. Let q = u + s. What are the prime factors of q?
127
Let l be (-21)/49 - (-34)/14. Let n be l/(-4)*3/((-3)/8). Suppose n = u - 4. List the prime factors of u.
2
Let c be (6/(-8))/(7/(-28)). Suppose -4*i = -0*i + 5*y - 12, 4*i + c*y = 20. Suppose 0 = -i*f + 10*f - 332. What are the prime factors of f?
2, 83
Suppose 2683 - 14532 = -b + 4*o, 0 = 4*o - 20. List the prime factors of b.
11, 13, 83
Suppose -5*t - 3*f = -15, -5 + 17 = 4*t - 5*f. What are the prime factors of -6*2/t - (-900)/4?
13, 17
Let p = 25 - -71. Suppose y = -2*a + 884, -p = 2*a + 5*y - 996. Suppose 18 = -2*g - x + 193, 5*g = -2*x + a. List the prime factors of g.
2, 3, 5
Suppose -76988 = -409*v + 405*v. List the prime factors of v.
19, 1013
Let l be (21/14)/(9/12). Suppose -636 + 2010 = l*i. List the prime factors of i.
3, 229
Let v = -103866 - -175852. List the prime factors of v.
2, 35993
Let m = 2820 + -841. Let k = -1045 + m. What are the prime factors of k?
2, 467
Let j be (-2 - 40/6)*(-155 + 2). Let q(c) = c**3 - 9*c**2 - 20*c - 11. Let f be q(11). Suppose -5*o + f*o = j. What are the prime factors of o?
13, 17
Let l be (-8)/7*(-35)/10. Suppose -4*k + 232 = l*k. Suppose 39 + k = w. List the prime factors of w.
2, 17
Suppose -3*u + 99 = -15. Suppose -43*j + u*j = 20. List the prime factors of (275 + 1)/(-6)*j.
2, 23
What are the prime factors of 11/(-22)*380*(-549)/15?
2, 3, 19, 61
Let d(v) = -408*v + 573. What are the prime factors of d(-98)?
3, 11, 1229
Suppose 4*j - 5*j - 4479 = -4*g, 0 = -5*g + 2*j + 5595. Let l = g + -631. List the prime factors of l.
2, 5, 7
Suppose -j + 556 + 101 = 0. Suppose -2*r - 522 = 4*k, -6*r + j = -5*k - 7*r. Let l = k + 202. List the prime factors of l.
2, 5, 7
Suppose w - o - 3*o + 58 = 0, 3*w - 5*o = -139. Let c = w + 43. Suppose 0 = c*n - 295 + 30. List the prime factors of n.
53
Suppose 5*a = -15, -4*a + 0*a = 4*o - 472. Let c = 1080 + -1091. Let p = c + o. List the prime factors of p.
2, 5, 11
Let z = -1222 + 761. What are the prime factors of (1 + z + 4)*-1?
2, 3, 19
Let q(n) = 5*n - 9. Let m be q(8). Let y = 14 + -43. Let z = m + y. List the prime factors of z.
2
What are the prime factors of ((-65458)/(-12))/1 - (533/78 + -7)?
5, 1091
Let z(o) = o + 1. Let k be ((-1)/(-3))/((-1)/(-3)). Let w(j) = 23*j + 23. Let a(d) = k*w(d) - 6*z(d). List the prime factors of a(8).
3, 17
Let l = -327 - -201. Let d = 605 + l. List the prime factors of d.
479
Let a(d) = -301*d**3 - 6*d**2 - 3*d + 13. What are the prime factors of a(-4)?
17, 1129
Let z(a) = 42*a + 62. Let x be z(9). Let r = 55 + x. What are the prime factors of r?
3, 5, 11
Let r = 6056 - 4166. List the prime factors of r.
2, 3, 5, 7
Suppose 12 = -3*k, -2*q = 2*k - 13 - 1. Suppose -q*n - 4332 = -49*n. List the prime factors of n.
2, 3, 19
Let a be 7/(1 + 5/((-25)/10)). What are the prime factors of (-2)/a + ((-6010)/(-35) - 0)?
2, 43
Let o(f) = -3*f**3 + 14*f**2 - 13*f - 40. Let k(t) = 13*t**3 - 54*t**2 + 53*t + 161. Let s(q) = 2*k(q) + 9*o(q). What are the prime factors of s(11)?
2, 43
Let f = 8941 + -5123. List the prime factors of f.
2, 23, 83
Suppose 5632610 = 467*t - 382*t. What are the prime factors of t?
2, 17, 1949
Let n(j) = j - 1. Let u(k) = -k**2 + 18*k + 11. Let s(w) = 2*n(w) + u(w). Let t be s(9). Let r = -43 + t. List the prime factors of r.
5, 13
Let o(w) be the first derivative of 31*w**2/2 + 66*w + 202. What are the prime factors of o(18)?
2, 3, 13
Let a(q) be the third derivative of 1/2*q**3 + 0*q + 17*q**2 - 1/24*q**4 + 0. List the prime factors of a(-19).
2, 11
Let c(x) = 166*x + 51. Let k(r) = r**2 - 18*r - 60. Let d be k(21). What are the prime factors of c(d)?
3, 61
Let u be 6/11 - (-6908)/(-242). Let o(f) = 5*f**2 + 120*f - 5. What are the prime factors of o(u)?
3, 5, 37
Let d(w) = -7*w**2 + 47*w + 22. Let v be d(7). Suppose v*n - 7320 = 456. What are the prime factors of n?
2, 3
Suppose 6*a + 1801 = 22597. Suppose 0 = -17*k + 16*k - 4*h + 1142, 3*k - a = -4*h. List the prime factors of k.
2, 7, 83
Suppose 0 = -5*u + 30. Let a be ((-51)/(-34))/(u/8). Suppose 0 = -4*h + 5*f - 10*f + 91, 3*f = -a*h + 47. List the prime factors of h.
19
Let i be 6/2 - (-10 - 0 - -355). Let a = -153 - i. What are the prime factors of a?
3, 7
Let c be (-90)/(-36)*(-1)/5*-18. Suppose 90 = -3*u + 3*v, -2*v - 9 - c = u. Let y(i) = -7*i + 36. List the prime factors of y(u).
2, 109
Let r(o) = -o**2 - 7*o + 178. Let b be r(-17). List the prime factors of 535 + -5 + 4 + b.
2, 271
Suppose -4*a + 24092 = -22*s + 24*s, 4*s - 30121 = -5*a. What are the prime factors of a?
3, 223
Let o = 15931 + -15349. What are the prime factors of o?
2, 3, 97
Let c = -261 + 369. Let p = c + -9. Suppose -331 = -5*b + p. List the prime factors of b.
2, 43
Suppose -2*i - 28 = -5*q, -33 - 7 = -5*q + 5*i. Let b be (-5)/((-15)/21) + (-6 - -1). Suppose b*h + 224 = q*h. List the prime factors of h.
2, 7
Let q(n) = 13*n**3 - 11*n**2 + 79*n + 10. List the prime factors of q(10).
2, 5, 127
Suppose 0 = 9*i - 3492 - 3978. Suppose 0 = -4*r + 9*r - i. Suppose 154 + r = 4*l. What are the prime factors of l?
2, 5
Suppose 15*y = 71431 + 189284. List the prime factors of y.
7, 13, 191
Let b(r) = r**3 + 12*r**2 + 67*r - 2. What are the prime factors of b(24)?
2, 11171
Let c be (-9)/(-3) - (-106 - 11). What are the prime factors of ((-1688)/10)/((-12)/c)?
2, 211
Let v be (-38)/(-8) + 2/8. Suppose -166 + 3946 = 9*o + 3*q, -4*o + 2*q + 1680 = 0. Suppose v*f - o = -2*f. List the prime factors of f.
2, 3, 5
What are the prime factors of (22884435/675 - 19) + 2/15?
2, 43, 197
Suppose -5*w - 4342 